he highest common divisor of 252 and 278244.
36
What is the greatest common divisor of 2722638 and 454?
454
What is the highest common factor of 109089 and 837?
279
Calculate the highest common factor of 35364 and 5838.
42
Calculate the highest common factor of 60 and 79824.
12
What is the greatest common divisor of 3958065 and 290?
145
What is the greatest common divisor of 20757 and 204?
51
What is the highest common divisor of 3204 and 6675?
267
What is the greatest common factor of 69 and 98601?
69
What is the greatest common divisor of 846560 and 832?
416
Calculate the greatest common factor of 26 and 396266.
26
Calculate the greatest common factor of 2293380 and 411.
411
What is the greatest common divisor of 10875 and 1875?
375
Calculate the highest common factor of 80 and 3695.
5
What is the highest common divisor of 89 and 409222?
89
What is the greatest common factor of 2877 and 754185?
411
Calculate the greatest common factor of 41359 and 413.
59
What is the greatest common divisor of 1836 and 1092?
12
What is the highest common divisor of 3409110 and 36?
18
Calculate the greatest common factor of 2388 and 785055.
597
Calculate the greatest common divisor of 25560 and 34200.
360
Calculate the greatest common divisor of 74 and 177674.
74
What is the highest common divisor of 125496 and 2905?
581
Calculate the greatest common factor of 448 and 91.
7
Calculate the highest common divisor of 13416 and 1560.
312
Calculate the highest common divisor of 176 and 18777.
11
What is the greatest common factor of 236 and 1711?
59
Calculate the greatest common factor of 7770 and 16095.
555
What is the greatest common divisor of 144 and 37008?
144
What is the highest common divisor of 21344 and 2139?
23
Calculate the highest common divisor of 117858 and 156.
78
What is the highest common factor of 44187 and 12012?
429
Calculate the greatest common factor of 1832 and 2753038.
458
What is the highest common factor of 1293 and 169383?
1293
Calculate the highest common factor of 27651 and 104.
13
Calculate the highest common factor of 216 and 826308.
108
Calculate the highest common divisor of 171217 and 655.
131
Calculate the greatest common factor of 4294 and 34126.
226
What is the highest common factor of 84 and 1085532?
84
Calculate the greatest common factor of 250 and 14225.
25
What is the highest common factor of 258 and 291282?
258
What is the greatest common divisor of 10432352 and 28?
28
Calculate the greatest common divisor of 1030788 and 5148.
396
What is the greatest common divisor of 448 and 3048?
8
Calculate the highest common factor of 2064 and 40368.
48
What is the greatest common divisor of 149 and 983996?
149
Calculate the highest common factor of 9 and 39168.
9
What is the greatest common divisor of 187 and 7425?
11
Calculate the highest common divisor of 345 and 46995.
15
What is the greatest common factor of 984 and 1846804?
164
What is the highest common factor of 490972 and 4?
4
Calculate the highest common divisor of 670534 and 1074.
358
What is the highest common divisor of 237 and 75?
3
Calculate the highest common factor of 1242 and 62154.
54
What is the greatest common factor of 338 and 11752?
26
Calculate the highest common divisor of 961060 and 87.
29
What is the greatest common factor of 10230 and 278190?
330
Calculate the highest common factor of 31086 and 374.
22
Calculate the highest common factor of 49 and 431.
1
Calculate the highest common factor of 2088 and 4756.
116
Calculate the greatest common divisor of 5506932 and 3768.
1884
What is the greatest common divisor of 13208 and 2808?
104
Calculate the greatest common divisor of 4354 and 357.
7
What is the highest common divisor of 28369362 and 714?
714
Calculate the greatest common factor of 19228 and 16698.
506
What is the greatest common factor of 18382 and 28?
14
Calculate the highest common divisor of 7240 and 393494.
362
Calculate the greatest common divisor of 64 and 110272.
64
Calculate the highest common factor of 21251 and 9875.
79
What is the highest common divisor of 1115436 and 2168?
1084
Calculate the greatest common divisor of 52 and 41821.
13
Calculate the highest common factor of 4140 and 510255.
1035
What is the highest common factor of 310072 and 72?
8
What is the greatest common factor of 18744 and 2634?
6
Calculate the greatest common factor of 3825 and 148325.
425
What is the greatest common divisor of 23647 and 39?
13
What is the greatest common factor of 3502213 and 1289?
1289
Calculate the highest common divisor of 195 and 363.
3
Calculate the greatest common factor of 113 and 1101.
1
What is the greatest common divisor of 31244 and 214?
214
Calculate the highest common divisor of 4189 and 1775.
71
Calculate the highest common factor of 7836 and 1050.
6
What is the greatest common divisor of 35666 and 102?
34
What is the greatest common factor of 209168 and 544?
272
What is the greatest common factor of 238 and 81498?
34
What is the highest common factor of 1053 and 11934?
351
Calculate the highest common divisor of 75046 and 52102.
478
What is the greatest common divisor of 26721 and 99?
9
What is the highest common divisor of 24301 and 3268?
19
Calculate the greatest common divisor of 516 and 126764.
172
Calculate the highest common divisor of 15 and 133485.
15
Calculate the greatest common divisor of 23580 and 26855.
655
What is the highest common divisor of 3278184 and 11172?
1596
Calculate the greatest common factor of 180 and 87195.
15
What is the greatest common divisor of 312697 and 2751?
917
Calculate the greatest common factor of 695 and 195.
5
What is the highest common factor of 2298254 and 5344?
334
What is the greatest common divisor of 64792 and 5824?
728
Calculate the highest common divisor of 3846 and 540.
6
What is the highest common divisor of 54 and 217206?
18
Calculate the highest common divisor of 255 and 738915.
15
What is the highest common factor of 310635 and 270?
135
What is the highest common divisor of 104 and 4862?
26
Calculate the highest common divisor of 60 and 5101620.
60
What is the highest common factor of 144 and 517644?
36
What is the highest common factor of 557945 and 1478?
739
What is the highest common factor of 361284 and 138?
138
What is the greatest common divisor of 8310542 and 311?
311
What is the highest common divisor of 97 and 69743?
97
What is the highest common divisor of 308 and 38962?
154
What is the greatest common divisor of 2435 and 13149?
487
What is the greatest common factor of 232 and 19372?
116
Calculate the highest common factor of 2723 and 7.
7
What is the greatest common divisor of 76270 and 1160?
290
Calculate the highest common factor of 287298 and 88.
22
Calculate the highest common divisor of 1504 and 7984.
16
Calculate the highest common factor of 94 and 315041.
47
Calculate the greatest common factor of 2550 and 38400.
150
What is the greatest common divisor of 90 and 1016850?
30
Calculate the greatest common divisor of 164521 and 133.
133
What is the highest common divisor of 7605 and 6975?
45
What is the highest common factor of 36 and 172?
4
Calculate the greatest common factor of 1120 and 1995.
35
What is the greatest common divisor of 128 and 382376?
8
Calculate the highest common divisor of 5 and 1896.
1
What is the highest common divisor of 42392 and 56?
56
What is the highest common divisor of 8725 and 10?
5
What is the highest common factor of 8223849 and 9396?
2349
Calculate the greatest common divisor of 36 and 31256.
4
Calculate the highest common factor of 954 and 66.
6
Calculate the greatest common divisor of 674 and 430349.
337
Calculate the greatest common factor of 5925 and 2775.
75
Calculate the highest common divisor of 3118 and 6.
2
What is the greatest common divisor of 330 and 5830?
110
Calculate the highest common factor of 26 and 45156.
2
Calculate the greatest common divisor of 339 and 8249.
113
What is the greatest common factor of 611006 and 22?
22
What is the greatest common divisor of 751104 and 304?
16
What is the greatest common divisor of 439943 and 476?
119
Calculate the greatest common factor of 4806 and 102.
6
What is the greatest common factor of 196204 and 13756?
724
What is the highest common factor of 566 and 14?
2
Calculate t